{"id":159,"date":"2018-01-18T10:47:10","date_gmt":"2018-01-18T10:47:10","guid":{"rendered":"http:\/\/karlheinzarnold.de\/?page_id=159"},"modified":"2018-03-07T14:21:55","modified_gmt":"2018-03-07T14:21:55","slug":"graue-literatur-von-karl-heinz-arnold","status":"publish","type":"page","link":"http:\/\/karlheinzarnold.de\/?page_id=159","title":{"rendered":"Graue Literatur"},"content":{"rendered":"<h2>Graue Literatur von Karl-Heinz Arnold<\/h2>\n<ul>\n<li>Arnold, K.-H., Sch\u00fcle, C., Besa, K.-S. &amp; Bach, A. (2017). <a href=\"http:\/\/karlheinzarnold.de\/wp-content\/uploads\/2018\/01\/Arnold_Schuele_Besa_Bach_2017_Skalen_Handbuch_UPDA_T.pdf\">Test zur Erfassung allgemeindidaktischen Wissens zur Planung, Analyse und Durchf\u00fchrung von Unterricht (UPDA-T): Skalenhandbuch.<\/a> Hildesheim: Universit\u00e4t, Institut f\u00fcr Erziehungswissenschaft.<\/li>\n<li>Arnold, K.-H. (2017). <a href=\"http:\/\/karlheinzarnold.de\/wp-content\/uploads\/2018\/01\/Arnold_2017_Unterrichtsstundenplanungsschema_17_KHA.pdf\">Gliederung f\u00fcr Unterrichtsstundenentw\u00fcrfe und Berichte \u00fcber Unterrichtsanalyse und -reflexion.<\/a><\/li>\n<li>Arnold, K.-H. (2017). <a href=\"http:\/\/karlheinzarnold.de\/wp-content\/uploads\/2018\/01\/Arnold_2017_Taxonomie_Methodenentscheidungen_SPS_01_KHA.pdf\">Allgemeindidaktische und lehr-lerntheoretische Taxonomie unterrichtsmethodischer Entscheidungen.<\/a><\/li>\n<li>Arnold, K.-H., Froberg, A., Schr\u00f6der-Begoihn, \u00c4. &amp; Schubert, S. (2000). <a href=\"http:\/\/karlheinzarnold.de\/wp-content\/uploads\/2018\/01\/Arnold_et_al_2000_SBF87_Abschlussbericht.pdf\">Integrierte Leistungsbeurteilung in der Orientierungsstufe und Sekundarstufe I [Abschlussbericht des Schulbegleitforschungsprojekts 87].<\/a> Bremen: Senator f\u00fcr Bildung und Wissenschaft.<\/li>\n<li>Arnold, K.-H. (1997). <a href=\"http:\/\/karlheinzarnold.de\/wp-content\/uploads\/2018\/01\/Arnold_1997_Rasterzeugnisse.pdf\"><i>Formen und Inhalte von Rasterzeugnisse: Eine Untersuchung der strukturierten Berichtszeugnisformulare in den Grundschulen des Bundeslandes Bremen<\/i>.<\/a> Bremerhaven: Schulpsychologischer Dienst.<\/li>\n<\/ul>\n<p>&nbsp;<\/p>\n<h2>Weiteres<\/h2>\n<ul>\n<li>Wolf, W. (2008). <a href=\"http:\/\/karlheinzarnold.de\/wp-content\/uploads\/2018\/01\/Wolf_2008_Einige_Anmerkungen_zur_methodischen_Triftigkeit_von_Christian_Boehms_Untersuchung.pdf\">Einige Anmerkungen zur methodischen Triftigkeit von Christian B\u00f6hms Untersuchung: &#8222;Evaluation der P\u00e4dagogik Wolfgang Klafkis&#8220;<\/a>.<\/li>\n<\/ul>\n<hr \/>\n<p><em><img loading=\"lazy\" decoding=\"async\" class=\"size-medium wp-image-195 aligncenter\" src=\"http:\/\/karlheinzarnold.de\/wp-content\/uploads\/2018\/01\/Quilt10-300x298.png\" alt=\"\" width=\"300\" height=\"298\" srcset=\"http:\/\/karlheinzarnold.de\/wp-content\/uploads\/2018\/01\/Quilt10-300x298.png 300w, http:\/\/karlheinzarnold.de\/wp-content\/uploads\/2018\/01\/Quilt10-150x150.png 150w, http:\/\/karlheinzarnold.de\/wp-content\/uploads\/2018\/01\/Quilt10-100x100.png 100w, http:\/\/karlheinzarnold.de\/wp-content\/uploads\/2018\/01\/Quilt10.png 387w\" sizes=\"auto, (max-width: 300px) 100vw, 300px\" \/><\/em><\/p>\n<p style=\"text-align: center;\">Thedes Stern Quilt<br \/>\n(Ursula Arnold, 2017)<\/p>\n","protected":false},"excerpt":{"rendered":"<p>Graue Literatur von Karl-Heinz Arnold Arnold, K.-H., Sch\u00fcle, C., Besa, K.-S. &amp; Bach, A. (2017). Test zur Erfassung allgemeindidaktischen Wissens zur Planung, Analyse und Durchf\u00fchrung von Unterricht (UPDA-T): Skalenhandbuch. Hildesheim: Universit\u00e4t, Institut f\u00fcr Erziehungswissenschaft. Arnold, K.-H. (2017). Gliederung f\u00fcr Unterrichtsstundenentw\u00fcrfe und Berichte \u00fcber Unterrichtsanalyse und -reflexion. Arnold, K.-H. (2017). Allgemeindidaktische und lehr-lerntheoretische Taxonomie unterrichtsmethodischer Entscheidungen. &hellip; <\/p>\n<p class=\"link-more\"><a href=\"http:\/\/karlheinzarnold.de\/?page_id=159\" class=\"more-link\"><span class=\"screen-reader-text\">\u201eGraue Literatur\u201c<\/span> weiterlesen<\/a><\/p>\n","protected":false},"author":1,"featured_media":0,"parent":0,"menu_order":0,"comment_status":"closed","ping_status":"closed","template":"","meta":{"_crdt_document":"","footnotes":""},"class_list":["post-159","page","type-page","status-publish","hentry"],"_links":{"self":[{"href":"http:\/\/karlheinzarnold.de\/index.php?rest_route=\/wp\/v2\/pages\/159","targetHints":{"allow":["GET"]}}],"collection":[{"href":"http:\/\/karlheinzarnold.de\/index.php?rest_route=\/wp\/v2\/pages"}],"about":[{"href":"http:\/\/karlheinzarnold.de\/index.php?rest_route=\/wp\/v2\/types\/page"}],"author":[{"embeddable":true,"href":"http:\/\/karlheinzarnold.de\/index.php?rest_route=\/wp\/v2\/users\/1"}],"replies":[{"embeddable":true,"href":"http:\/\/karlheinzarnold.de\/index.php?rest_route=%2Fwp%2Fv2%2Fcomments&post=159"}],"version-history":[{"count":27,"href":"http:\/\/karlheinzarnold.de\/index.php?rest_route=\/wp\/v2\/pages\/159\/revisions"}],"predecessor-version":[{"id":402,"href":"http:\/\/karlheinzarnold.de\/index.php?rest_route=\/wp\/v2\/pages\/159\/revisions\/402"}],"wp:attachment":[{"href":"http:\/\/karlheinzarnold.de\/index.php?rest_route=%2Fwp%2Fv2%2Fmedia&parent=159"}],"curies":[{"name":"wp","href":"https:\/\/api.w.org\/{rel}","templated":true}]}}