{"id":2,"date":"2016-05-10T03:48:21","date_gmt":"2016-05-10T03:48:21","guid":{"rendered":"http:\/\/karlheinzarnold.de\/?page_id=2"},"modified":"2025-11-05T08:24:08","modified_gmt":"2025-11-05T08:24:08","slug":"sample-page","status":"publish","type":"page","link":"http:\/\/karlheinzarnold.de\/?page_id=2","title":{"rendered":"K\u00fcnstlerisches"},"content":{"rendered":"<p>Hier finden Sie Hinweise auf meine k\u00fcnstlerischen Aktivit\u00e4ten und deren Ergebnisse\u00a0in den drei nachfolgenden Bereichen:<\/p>\n<ul>\n<li><a href=\"http:\/\/karlheinzarnold.de\/?page_id=32\"><em>Szenisches<\/em><\/a><\/li>\n<li><a href=\"http:\/\/karlheinzarnold.de\/?page_id=34\"><em>Literarisches<\/em><\/a><\/li>\n<li><a href=\"http:\/\/karlheinzarnold.de\/?page_id=81\"><em>Humoriges<\/em><\/a><\/li>\n<\/ul>\n<hr \/>\n<p><img loading=\"lazy\" decoding=\"async\" class=\"size-medium wp-image-46 aligncenter\" src=\"http:\/\/karlheinzarnold.de\/wp-content\/uploads\/2018\/01\/Quilt07_Flying_Geese-214x300.jpg\" alt=\"\" width=\"214\" height=\"300\" srcset=\"http:\/\/karlheinzarnold.de\/wp-content\/uploads\/2018\/01\/Quilt07_Flying_Geese-214x300.jpg 214w, http:\/\/karlheinzarnold.de\/wp-content\/uploads\/2018\/01\/Quilt07_Flying_Geese.jpg 458w\" sizes=\"auto, (max-width: 214px) 100vw, 214px\" \/><\/p>\n<p style=\"text-align: center;\">Flying Geese<br \/>\n(Ursula Arnold, 2000)<\/p>\n","protected":false},"excerpt":{"rendered":"<p>Hier finden Sie Hinweise auf meine k\u00fcnstlerischen Aktivit\u00e4ten und deren Ergebnisse\u00a0in den drei nachfolgenden Bereichen: Szenisches Literarisches Humoriges Flying Geese (Ursula Arnold, 2000)<\/p>\n","protected":false},"author":1,"featured_media":0,"parent":0,"menu_order":10,"comment_status":"closed","ping_status":"open","template":"","meta":{"_crdt_document":"","footnotes":""},"class_list":["post-2","page","type-page","status-publish","hentry"],"_links":{"self":[{"href":"http:\/\/karlheinzarnold.de\/index.php?rest_route=\/wp\/v2\/pages\/2","targetHints":{"allow":["GET"]}}],"collection":[{"href":"http:\/\/karlheinzarnold.de\/index.php?rest_route=\/wp\/v2\/pages"}],"about":[{"href":"http:\/\/karlheinzarnold.de\/index.php?rest_route=\/wp\/v2\/types\/page"}],"author":[{"embeddable":true,"href":"http:\/\/karlheinzarnold.de\/index.php?rest_route=\/wp\/v2\/users\/1"}],"replies":[{"embeddable":true,"href":"http:\/\/karlheinzarnold.de\/index.php?rest_route=%2Fwp%2Fv2%2Fcomments&post=2"}],"version-history":[{"count":11,"href":"http:\/\/karlheinzarnold.de\/index.php?rest_route=\/wp\/v2\/pages\/2\/revisions"}],"predecessor-version":[{"id":346,"href":"http:\/\/karlheinzarnold.de\/index.php?rest_route=\/wp\/v2\/pages\/2\/revisions\/346"}],"wp:attachment":[{"href":"http:\/\/karlheinzarnold.de\/index.php?rest_route=%2Fwp%2Fv2%2Fmedia&parent=2"}],"curies":[{"name":"wp","href":"https:\/\/api.w.org\/{rel}","templated":true}]}}