{"id":366,"date":"2018-02-23T09:24:54","date_gmt":"2018-02-23T09:24:54","guid":{"rendered":"http:\/\/karlheinzarnold.de\/?page_id=366"},"modified":"2021-11-02T16:44:48","modified_gmt":"2021-11-02T16:44:48","slug":"liste-betreuter-dissertationen-und-habilitationen","status":"publish","type":"page","link":"http:\/\/karlheinzarnold.de\/?page_id=366","title":{"rendered":"Liste betreuter Dissertationen und Habilitationen"},"content":{"rendered":"<h2>Betreute (Erstgutachter) und abgeschlossene Promotionen<\/h2>\n<p><strong>TU Berlin<\/strong><\/p>\n<ul>\n<li>Levin, A. (2005). <em>Lernen durch Fragen: Wirkung von strukturierenden Hilfen auf das Generieren von Studierendenfragen als begleitende Lernstrategie<\/em> (P\u00e4dagogische Psychologie und Entwicklungspsychologie, Bd. 48). M\u00fcnster: Waxmann.<\/li>\n<\/ul>\n<p><strong>Universit\u00e4t Hildesheim<\/strong><\/p>\n<ul>\n<li>Richert, P. (2005). <em>Typische Sprachmuster der Lehrer-Sch\u00fcler-Interaktion. Empirische Untersuchung zur Feedbackkomponente in der unterrichtlichen Interaktion<\/em>. Bad Heilbrunn: Klinkhardt.<\/li>\n<li>Sackmann, C. (2007). <em>Mythos Methodentraining: Wirkungsanalyse der Implementierung des Methoden-Trainings im Prozess von Unterrichts- und Schulentwicklung an der Robert-Bosch-Gesamtschule Hildesheim<\/em>. G\u00f6ttingen: Vandenhoeck &amp; Ruprecht.<\/li>\n<li>Schr\u00f6der, H. (2008). <em>Lehr- und Lernmittel in historischer Perspektive Erscheinungs- und Darstellungsformen anhand des Bildbestands der Pictura Paedagogica Online<\/em> (Klinkhardt Forschung). Bad Heilbrunn: Klinkhardt.<\/li>\n<li>Schmidt, B. (2009). <em>Mehrsprachigkeit in deutschen Grundschulen. Zusammenh\u00e4nge koh\u00e4siver und modaler Mittel sprachlicher Performanz im Kontext zu fachlichen, kognitiven und sozialen F\u00e4higkeiten im Grundschulalter (unver\u00f6ffentl. Dissertation)<\/em>. Hildesheim: Universit\u00e4t Hildesheim, Fachbereich Erziehungs- und Sozialwissenschaften.<\/li>\n<li>Chudaske, J. (2012). <em>Sprache, Migration und schulfachliche Leistung Einfluss sprachlicher Kompetenz auf Lese-, Rechtschreib- und Mathematikleistungen<\/em>. Wiesbaden: VS Verlag f\u00fcr Sozialwissenschaften.<\/li>\n<li>Gassmann, C. (2012). <em>Erlebte Aufgabenschwierigkeit bei der Unterrichtsplanung in den Praktikumsphasen der universit\u00e4ren Lehrerbildung: Eine qualitativ-inhaltsanalytische Studie<\/em>. Wiesbaden: Springer VS.<\/li>\n<li>Bach, A. (2013). <em>Kompetenzentwicklung im Schulpraktikum. Ausma\u00df und zeitliche Stabilit\u00e4t von Lerneffekten hochschulischer Praxisphasen<\/em> (P\u00e4dagogische Psychologie und Entwicklungspsychologie, Bd. 87). M\u00fcnster: Waxmann.<\/li>\n<li>Ro\u00dfa, A.-E. (2013). <em>Zum Verh\u00e4ltnis von Allgemeiner Didaktik und Fachdidaktik in der Lehrerbildung: Einsch\u00e4tzungen von Lehramtsstudierenden zur F\u00e4higkeitsentwicklung in universit\u00e4ren Praxisphasen<\/em>. Bad Heilbrunn: Klinkhardt.<\/li>\n<li>Hentschel, M. (2013). <em>Soziale Kompetenz im Grundschulalter: Einfl\u00fcsse von Intelligenz und Sprachkompetenz auf die Entwicklung sozialer Kompetenz im Grundschulalter<\/em>. Saarbr\u00fccken: S\u00fcdwestdeutscher Verlag f\u00fcr Hochschulschriften.<\/li>\n<li>Brodh\u00e4cker, S. (2014). <em>Unterrichtsplanungskompetenz im Praktikum: Einflussfaktoren auf die Ver\u00e4nderung der wahrgenommenen Kompetenz von Studierenden<\/em> (Empirische Erziehungswissenschaft, Bd. 50). M\u00fcnster: Waxmann.<\/li>\n<li>Enders, N. (2014). <em>Zur dimensionalen Struktur sozialer Kompetenz: Modellierung selbstberichteter Verhaltenstendenzen in Konflikten mit Gleichaltrigen im fr\u00fchen Jugendalter. Hildesheim: Universit\u00e4tsbibliothek.<\/em><\/li>\n<li>Epp, A. (2017). <em>Von der Schule in die Berufsausbildung soziale Konstruktionen durch Lehrkr\u00e4fte \u00fcber ung\u00fcnstige Faktoren in der Bildungsbiografie von Sch\u00fclerinnen und Sch\u00fclern. <\/em>Opladen: Budrich.<\/li>\n<li>Besa, K.-S. (2017). <em>Studien zur lehramtsbezogenen Berufswahlmotivation in schulpraktischen Ausbildungsphasen<\/em> [Titel des Rahmenpapiers; kumulative Dissertation].<\/li>\n<li>Sch\u00fcle, Chr. (2020). <em>Studien zur Modellierung, Skalierung und Vera\u0308nderung professioneller Kompetenz von Lehrpersonen [Titel des Rahmenpapiers; kumulative Dissertation, eingereicht an der Universit\u00e4t Vechta, KHA als Zweitgutachter].<\/em><\/li>\n<li>Just, C. (2021). <em>Kumulative Effekte zwischen Schulpraktika? Kompetenzerweiterung Lehramtsstudierender von allgemeindidaktischen zu fachdidaktischen Praxisphasen<\/em> [KHA als Zweitgutachter].<\/li>\n<\/ul>\n<h2>Betreute (Erstgutachter) und abgeschlossene Habilitationen<\/h2>\n<p>Levin, A. (2009). <em>Qualit\u00e4tsprobleme mathematischer Vergleichsarbeiten: Erfassung mathematischer Kompetenzen und psychometrische Modellierung einer landesweiten Pr\u00fcfungsarbeit in Klassenstufe 10<\/em> (Reihe P\u00e4dagogische Psychologie und Entwicklungspsychologie, Bd. 75). M\u00fcnster: Waxmann. [Habilitation an der TU Berlin]<\/p>\n<p>Richert, P. (2012). <em>Elternentscheidung versus Lehrerdiagnose: Der \u00dcbergang von der Grundschule zur Sekundarschule<\/em> (Klinkhardt Forschung). Bad Heilbrunn: Klinkhardt.\u00a0[Habilitation an der Universit\u00e4t Hildesheim]<\/p>\n<hr \/>\n<p><img loading=\"lazy\" decoding=\"async\" class=\"size-medium wp-image-377 aligncenter\" src=\"http:\/\/karlheinzarnold.de\/wp-content\/uploads\/2018\/02\/Quilt32_2017_Fruehling_Detail-300x235.png\" alt=\"\" width=\"300\" height=\"235\" srcset=\"http:\/\/karlheinzarnold.de\/wp-content\/uploads\/2018\/02\/Quilt32_2017_Fruehling_Detail-300x235.png 300w, http:\/\/karlheinzarnold.de\/wp-content\/uploads\/2018\/02\/Quilt32_2017_Fruehling_Detail.png 639w\" sizes=\"auto, (max-width: 300px) 100vw, 300px\" \/><\/p>\n<p style=\"text-align: center;\">Fr\u00fchlingsquilt, Detail<br \/>\n(Ursula Arnold, 2017)<\/p>\n","protected":false},"excerpt":{"rendered":"<p>Betreute (Erstgutachter) und abgeschlossene Promotionen TU Berlin Levin, A. (2005). Lernen durch Fragen: Wirkung von strukturierenden Hilfen auf das Generieren von Studierendenfragen als begleitende Lernstrategie (P\u00e4dagogische Psychologie und Entwicklungspsychologie, Bd. 48). M\u00fcnster: Waxmann. Universit\u00e4t Hildesheim Richert, P. (2005). Typische Sprachmuster der Lehrer-Sch\u00fcler-Interaktion. Empirische Untersuchung zur Feedbackkomponente in der unterrichtlichen Interaktion. Bad Heilbrunn: Klinkhardt. Sackmann, C. &hellip; <\/p>\n<p class=\"link-more\"><a href=\"http:\/\/karlheinzarnold.de\/?page_id=366\" class=\"more-link\"><span class=\"screen-reader-text\">\u201eListe betreuter Dissertationen und Habilitationen\u201c<\/span> weiterlesen<\/a><\/p>\n","protected":false},"author":1,"featured_media":0,"parent":0,"menu_order":0,"comment_status":"closed","ping_status":"closed","template":"","meta":{"_crdt_document":"","footnotes":""},"class_list":["post-366","page","type-page","status-publish","hentry"],"_links":{"self":[{"href":"http:\/\/karlheinzarnold.de\/index.php?rest_route=\/wp\/v2\/pages\/366","targetHints":{"allow":["GET"]}}],"collection":[{"href":"http:\/\/karlheinzarnold.de\/index.php?rest_route=\/wp\/v2\/pages"}],"about":[{"href":"http:\/\/karlheinzarnold.de\/index.php?rest_route=\/wp\/v2\/types\/page"}],"author":[{"embeddable":true,"href":"http:\/\/karlheinzarnold.de\/index.php?rest_route=\/wp\/v2\/users\/1"}],"replies":[{"embeddable":true,"href":"http:\/\/karlheinzarnold.de\/index.php?rest_route=%2Fwp%2Fv2%2Fcomments&post=366"}],"version-history":[{"count":5,"href":"http:\/\/karlheinzarnold.de\/index.php?rest_route=\/wp\/v2\/pages\/366\/revisions"}],"predecessor-version":[{"id":561,"href":"http:\/\/karlheinzarnold.de\/index.php?rest_route=\/wp\/v2\/pages\/366\/revisions\/561"}],"wp:attachment":[{"href":"http:\/\/karlheinzarnold.de\/index.php?rest_route=%2Fwp%2Fv2%2Fmedia&parent=366"}],"curies":[{"name":"wp","href":"https:\/\/api.w.org\/{rel}","templated":true}]}}