{"id":434,"date":"2018-05-16T16:16:09","date_gmt":"2018-05-16T16:16:09","guid":{"rendered":"http:\/\/karlheinzarnold.de\/?page_id=434"},"modified":"2025-11-05T08:22:10","modified_gmt":"2025-11-05T08:22:10","slug":"hildesheimer-literadtouren","status":"publish","type":"page","link":"http:\/\/karlheinzarnold.de\/?page_id=434","title":{"rendered":"Hildesheimer LiteRADtouren"},"content":{"rendered":"\n<p class=\"wp-block-paragraph\">Das genie\u00dfende Landschaftsradeln durch die Umgebung von Hildesheim wird auf den LiteRADtouren erg\u00e4nzt um zwei besondere Formen des literarischen Erlebens. An zwei reizvollen Orten werden halbst\u00fcndige Pausen eingelegt, in denen es literarische Texte zu h\u00f6ren gibt. Der\/Die Autor\/in radelt mit und tr\u00e4gt in den beiden Pausen aus einem seiner\/ihrer Werke vor. Im letzten Teil der Radtour wird gemeinsam in ein Lokal eingekehrt, zur St\u00e4rkung mit Kaffee und Kuchen (oder anderem) und zu einer Nachbesprechung.<\/p>\n\n\n\n<h1 class=\"wp-block-heading\">Einstmalige LiteRADtouren<\/h1>\n\n\n\n<ul class=\"wp-block-list\">\n<li><a href=\"http:\/\/karlheinzarnold.de\/wp-content\/uploads\/2019\/08\/HiAZ_Bericht_LiteRADtour_2_2019_c-1.pdf\">Hildesheimer LiteRADtour 2019 Nr. 2<\/a><br>Sonntag, 25.08.2019, 14:00 Uhr; Literarischer Gast: Hannelore Schramm<\/li>\n\n\n\n<li><a href=\"http:\/\/karlheinzarnold.de\/wp-content\/uploads\/2019\/05\/Plakat_klein_LiteRADtour_2019.jpg\">Hildesheimer LiteRADtour 2019 Nr. 1<\/a><br>Samstag, 25.05.2019, 14:00 Uhr; Literarischer Gast: Uwe Grie\u00dfmann<\/li>\n\n\n\n<li><a href=\"http:\/\/karlheinzarnold.de\/wp-content\/uploads\/2019\/05\/LiteRADtour_2018_2_Bericht_HiAZ.pdf\">Hildesheimer LiteRADtour 2018 Nr. 2<\/a><br>Sonntag, 19. August, 14:00 Uhr<\/li>\n\n\n\n<li><a href=\"http:\/\/karlheinzarnold.de\/wp-content\/uploads\/2019\/05\/LiteRADtour_2018_01_Bericht_HiAZ-1.pdf\">Hildesheimer LiteRADtour 2018 Nr. 1<\/a><br>Samstag, 26. Mai, 14:00 Uhr<\/li>\n<\/ul>\n\n\n\n<hr class=\"wp-block-separator has-alpha-channel-opacity\"\/>\n\n\n<div class=\"wp-block-image\">\n<figure class=\"aligncenter\"><img loading=\"lazy\" decoding=\"async\" width=\"294\" height=\"300\" src=\"http:\/\/karlheinzarnold.de\/wp-content\/uploads\/2018\/05\/Quilt21_Wei\u00dfer_Crazy_2004-294x300.jpg\" alt=\"\" class=\"wp-image-438\" srcset=\"http:\/\/karlheinzarnold.de\/wp-content\/uploads\/2018\/05\/Quilt21_Wei\u00dfer_Crazy_2004-294x300.jpg 294w, http:\/\/karlheinzarnold.de\/wp-content\/uploads\/2018\/05\/Quilt21_Wei\u00dfer_Crazy_2004.jpg 753w\" sizes=\"auto, (max-width: 294px) 100vw, 294px\" \/><\/figure>\n<\/div>\n\n\n<p class=\"wp-block-paragraph\"><\/p>\n\n\n\n<p class=\"has-text-align-center wp-block-paragraph\">Wei\u00dfer Crazy Quilt, Detail<br>(Ursula Arnold, 2004)<\/p>\n\n\n\n<p class=\"wp-block-paragraph\">&nbsp;<\/p>\n","protected":false},"excerpt":{"rendered":"<p>Das genie\u00dfende Landschaftsradeln durch die Umgebung von Hildesheim wird auf den LiteRADtouren erg\u00e4nzt um zwei besondere Formen des literarischen Erlebens. An zwei reizvollen Orten werden halbst\u00fcndige Pausen eingelegt, in denen es literarische Texte zu h\u00f6ren gibt. Der\/Die Autor\/in radelt mit und tr\u00e4gt in den beiden Pausen aus einem seiner\/ihrer Werke vor. Im letzten Teil der &hellip; <\/p>\n<p class=\"link-more\"><a href=\"http:\/\/karlheinzarnold.de\/?page_id=434\" class=\"more-link\"><span class=\"screen-reader-text\">\u201eHildesheimer LiteRADtouren\u201c<\/span> weiterlesen<\/a><\/p>\n","protected":false},"author":1,"featured_media":0,"parent":0,"menu_order":0,"comment_status":"closed","ping_status":"closed","template":"","meta":{"_crdt_document":"","footnotes":""},"class_list":["post-434","page","type-page","status-publish","hentry"],"_links":{"self":[{"href":"http:\/\/karlheinzarnold.de\/index.php?rest_route=\/wp\/v2\/pages\/434","targetHints":{"allow":["GET"]}}],"collection":[{"href":"http:\/\/karlheinzarnold.de\/index.php?rest_route=\/wp\/v2\/pages"}],"about":[{"href":"http:\/\/karlheinzarnold.de\/index.php?rest_route=\/wp\/v2\/types\/page"}],"author":[{"embeddable":true,"href":"http:\/\/karlheinzarnold.de\/index.php?rest_route=\/wp\/v2\/users\/1"}],"replies":[{"embeddable":true,"href":"http:\/\/karlheinzarnold.de\/index.php?rest_route=%2Fwp%2Fv2%2Fcomments&post=434"}],"version-history":[{"count":33,"href":"http:\/\/karlheinzarnold.de\/index.php?rest_route=\/wp\/v2\/pages\/434\/revisions"}],"predecessor-version":[{"id":1994,"href":"http:\/\/karlheinzarnold.de\/index.php?rest_route=\/wp\/v2\/pages\/434\/revisions\/1994"}],"wp:attachment":[{"href":"http:\/\/karlheinzarnold.de\/index.php?rest_route=%2Fwp%2Fv2%2Fmedia&parent=434"}],"curies":[{"name":"wp","href":"https:\/\/api.w.org\/{rel}","templated":true}]}}

<p class="wp-block-paragraph">Das genießende Landschaftsradeln durch die Umgebung von Hildesheim wird auf den LiteRADtouren ergänzt um zwei besondere Formen des literarischen Erlebens. An zwei reizvollen Orten werden halbstündige Pausen eingelegt, in denen es literarische Texte zu hören gibt. Der/Die Autor/in radelt mit und trägt in den beiden Pausen aus einem seiner/ihrer Werke vor. Im letzten Teil der Radtour wird gemeinsam in ein Lokal eingekehrt, zur Stärkung mit Kaffee und Kuchen (oder anderem) und zu einer Nachbesprechung.</p>



<h1 class="wp-block-heading">Einstmalige LiteRADtouren</h1>



<ul class="wp-block-list">
<li><a href="http://karlheinzarnold.de/wp-content/uploads/2019/08/HiAZ_Bericht_LiteRADtour_2_2019_c-1.pdf">Hildesheimer LiteRADtour 2019 Nr. 2</a><br>Sonntag, 25.08.2019, 14:00 Uhr; Literarischer Gast: Hannelore Schramm</li>



<li><a href="http://karlheinzarnold.de/wp-content/uploads/2019/05/Plakat_klein_LiteRADtour_2019.jpg">Hildesheimer LiteRADtour 2019 Nr. 1</a><br>Samstag, 25.05.2019, 14:00 Uhr; Literarischer Gast: Uwe Grießmann</li>



<li><a href="http://karlheinzarnold.de/wp-content/uploads/2019/05/LiteRADtour_2018_2_Bericht_HiAZ.pdf">Hildesheimer LiteRADtour 2018 Nr. 2</a><br>Sonntag, 19. August, 14:00 Uhr</li>



<li><a href="http://karlheinzarnold.de/wp-content/uploads/2019/05/LiteRADtour_2018_01_Bericht_HiAZ-1.pdf">Hildesheimer LiteRADtour 2018 Nr. 1</a><br>Samstag, 26. Mai, 14:00 Uhr</li>
</ul>



<hr class="wp-block-separator has-alpha-channel-opacity"/>


<div class="wp-block-image">
<figure class="aligncenter"><img loading="lazy" decoding="async" width="294" height="300" src="http://karlheinzarnold.de/wp-content/uploads/2018/05/Quilt21_Weißer_Crazy_2004-294x300.jpg" alt="" class="wp-image-438" srcset="http://karlheinzarnold.de/wp-content/uploads/2018/05/Quilt21_Weißer_Crazy_2004-294x300.jpg 294w, http://karlheinzarnold.de/wp-content/uploads/2018/05/Quilt21_Weißer_Crazy_2004.jpg 753w" sizes="auto, (max-width: 294px) 100vw, 294px" /></figure>
</div>


<p class="wp-block-paragraph"></p>



<p class="has-text-align-center wp-block-paragraph">Weißer Crazy Quilt, Detail<br>(Ursula Arnold, 2004)</p>



<p class="wp-block-paragraph">&nbsp;</p>

<p>Das genießende Landschaftsradeln durch die Umgebung von Hildesheim wird auf den LiteRADtouren ergänzt um zwei besondere Formen des literarischen Erlebens. An zwei reizvollen Orten werden halbstündige Pausen eingelegt, in denen es literarische Texte zu hören gibt. Der/Die Autor/in radelt mit und trägt in den beiden Pausen aus einem seiner/ihrer Werke vor. Im letzten Teil der &hellip; </p>
<p class="link-more"><a href="http://karlheinzarnold.de/?page_id=434" class="more-link"><span class="screen-reader-text">„Hildesheimer LiteRADtouren“</span> weiterlesen</a></p>
